{"id":3100,"date":"2020-09-26T14:21:08","date_gmt":"2020-09-26T14:21:08","guid":{"rendered":"https:\/\/terrassenbau-halle.de\/?page_id=3100"},"modified":"2020-09-26T14:42:37","modified_gmt":"2020-09-26T14:42:37","slug":"referenzgalerie-balkonsanierung-mit-gefaelle-abdichtung-und-randblech","status":"publish","type":"page","link":"https:\/\/terrassenbau-halle.de\/?page_id=3100","title":{"rendered":"Referenzgalerie Balkonsanierung mit Gef\u00e4lle, Abdichtung und Randblech"},"content":{"rendered":"<section class=\"wpb-content-wrapper\"><p>[vc_row][vc_column][vc_column_text]<\/p>\n<div class=\"wd-title-block\">\n<p>Kalkablagerungen im unteren Teil des Bodenablaufes f\u00fchrten zu einer Verstopfung und einem Aufstau von Niederschlagswasser bis zum Not\u00fcberlauf. Nachdem der Bodenablauf freigelegt und gereinigt wurde,\u00a0 wurde die Entscheidung zur Erneuerung des durchn\u00e4ssten Altbelages aus Betonwerksteinplatten und der durchn\u00e4ssten Bettungsschicht aus Zementm\u00f6rtel getroffen.<\/p>\n<p>Nachdem der Bodenbelag r\u00fcckgebaut war, wurde festgestellt, dass die Bitumenabdichtung kein Gef\u00e4lle aufwies. Die Zink-Randbleche waren im unteren Bereich mit Zement und Feuchtigkeit im Kontakt und waren stark korrodiert bis hin zu Korrosionsl\u00f6chern.<\/p>\n<p>Die alten Zinkbleche wurden entfernt und eine gebundene Sch\u00fcttung als neue Gef\u00e4lleschicht eingebaut. Die neue Gef\u00e4lleschicht wurde dann mit Fl\u00fcssigkunstoff abgedichtet und neue Titanzinkbleche wieder montiert.<\/p>\n<p>Zum Schlu\u00df erfolgte die Verlegung des neuen Oberbelages aus Keramikplatten in Holzoptik auf h\u00f6henverstellbaren Stelzlagern.<\/p>\n<\/div>\n<p>[\/vc_column_text][\/vc_column][\/vc_row][vc_row][vc_column equalizer_column=&#8220;yes&#8220;]\r\n\r\n<div class=\"wd_empty_space\" data-heightmobile=\"20\" data-heighttablet=\"30\" data-heightdesktop=\"70\">\r\n\r\n<\/div>\r\n      \r\n\r\n\r\n\r\n        \r\n      \r\n    [\/vc_column][\/vc_row][vc_row][vc_column width=&#8220;1\/3&#8243;]\r\n\r\n\r\n\r\n<section class=\"wd-section-blog text-center style2\">\r\n  <div class=\"wd-blog-post  \" >\r\n      <h4 class=\"wd-title-element\">R\u00fcckbau<\/h4>\r\n      <p>\r\n          Seite Bodenablauf      <\/p>\r\n              <a href=\"https:\/\/terrassenbau-halle.de\/wp-content\/uploads\/2020\/09\/Galerie-Balkonsanierung-Gefaelle-Abdichtung-Randblech-1.jpg\" target=_blank>\r\n                                                 <img src=\"https:\/\/terrassenbau-halle.de\/wp-content\/uploads\/2020\/09\/Galerie-Balkonsanierung-Gefaelle-Abdichtung-Randblech-1-1024x767.jpg\" alt=\"icon\"\/>\r\n                <\/a>\r\n      <\/div>\r\n<\/section>\r\n    [\/vc_column][vc_column width=&#8220;1\/3&#8243;]\r\n\r\n\r\n\r\n<section class=\"wd-section-blog text-center style2\">\r\n  <div class=\"wd-blog-post  \" >\r\n      <h4 class=\"wd-title-element\">R\u00fcckbau<\/h4>\r\n      <p>\r\n          Seite Terrassent\u00fcr      <\/p>\r\n              <a href=\"https:\/\/terrassenbau-halle.de\/wp-content\/uploads\/2020\/09\/Galerie-Balkonsanierung-Gefaelle-Abdichtung-Randblech-2.jpg\" target=_blank>\r\n                                                 <img src=\"https:\/\/terrassenbau-halle.de\/wp-content\/uploads\/2020\/09\/Galerie-Balkonsanierung-Gefaelle-Abdichtung-Randblech-2-1024x768.jpg\" alt=\"icon\"\/>\r\n                <\/a>\r\n      <\/div>\r\n<\/section>\r\n    [\/vc_column][vc_column width=&#8220;1\/3&#8243;]\r\n\r\n\r\n\r\n<section class=\"wd-section-blog text-center style2\">\r\n  <div class=\"wd-blog-post  \" >\r\n      <h4 class=\"wd-title-element\">Gef\u00e4lleschicht<\/h4>\r\n      <p>\r\n          aus gebundener Sch\u00fcttung      <\/p>\r\n              <a href=\"https:\/\/terrassenbau-halle.de\/wp-content\/uploads\/2020\/09\/Galerie-Balkonsanierung-Gefaelle-Abdichtung-Randblech-3.jpg\" target=_blank>\r\n                                                 <img src=\"https:\/\/terrassenbau-halle.de\/wp-content\/uploads\/2020\/09\/Galerie-Balkonsanierung-Gefaelle-Abdichtung-Randblech-3-1024x768.jpg\" alt=\"icon\"\/>\r\n                <\/a>\r\n      <\/div>\r\n<\/section>\r\n    [\/vc_column][\/vc_row][vc_row][vc_column width=&#8220;1\/3&#8243;]\r\n\r\n\r\n\r\n<section class=\"wd-section-blog text-center style2\">\r\n  <div class=\"wd-blog-post  \" >\r\n      <h4 class=\"wd-title-element\">Gef\u00e4lleausgleich<\/h4>\r\n      <p>\r\n          Ansicht im Detail      <\/p>\r\n              <a href=\"https:\/\/terrassenbau-halle.de\/wp-content\/uploads\/2020\/09\/Galerie-Balkonsanierung-Gefaelle-Abdichtung-Randblech-4.jpg\" target=_blank>\r\n                                                 <img src=\"https:\/\/terrassenbau-halle.de\/wp-content\/uploads\/2020\/09\/Vorschau-Balkonsanierung-Gefaelle-Abdichtung-Randblech-4.jpg\" alt=\"icon\"\/>\r\n                <\/a>\r\n      <\/div>\r\n<\/section>\r\n    [\/vc_column][vc_column width=&#8220;1\/3&#8243;]\r\n\r\n\r\n\r\n<section class=\"wd-section-blog text-center style2\">\r\n  <div class=\"wd-blog-post  \" >\r\n      <h4 class=\"wd-title-element\">Oberfl\u00e4chenspachtel<\/h4>\r\n      <p>\r\n          auf der Gef\u00e4lleschicht      <\/p>\r\n              <a href=\"https:\/\/terrassenbau-halle.de\/wp-content\/uploads\/2020\/09\/Galerie-Balkonsanierung-Gefaelle-Abdichtung-Randblech-5.jpg\" target=_blank>\r\n                                                 <img src=\"https:\/\/terrassenbau-halle.de\/wp-content\/uploads\/2020\/09\/Galerie-Balkonsanierung-Gefaelle-Abdichtung-Randblech-5-1024x768.jpg\" alt=\"icon\"\/>\r\n                <\/a>\r\n      <\/div>\r\n<\/section>\r\n    [\/vc_column][vc_column width=&#8220;1\/3&#8243;]\r\n\r\n\r\n\r\n<section class=\"wd-section-blog text-center style2\">\r\n  <div class=\"wd-blog-post  \" >\r\n      <h4 class=\"wd-title-element\">Fl\u00fcssigkunststoffabdichtung<\/h4>\r\n      <p>\r\n          an den Anschl\u00fcssen      <\/p>\r\n              <a href=\"https:\/\/terrassenbau-halle.de\/wp-content\/uploads\/2020\/09\/Galerie-Balkonsanierung-Gefaelle-Abdichtung-Randblech-6.jpg\" target=_blank>\r\n                                                 <img src=\"https:\/\/terrassenbau-halle.de\/wp-content\/uploads\/2020\/09\/Galerie-Balkonsanierung-Gefaelle-Abdichtung-Randblech-6-768x1024.jpg\" alt=\"icon\"\/>\r\n                <\/a>\r\n      <\/div>\r\n<\/section>\r\n    [\/vc_column][\/vc_row][vc_row][vc_column width=&#8220;1\/3&#8243;]\r\n\r\n\r\n\r\n<section class=\"wd-section-blog text-center style2\">\r\n  <div class=\"wd-blog-post  \" >\r\n      <h4 class=\"wd-title-element\">Fl\u00fcssigkunststoffabdichtung<\/h4>\r\n      <p>\r\n          auf der Bodenfl\u00e4che      <\/p>\r\n              <a href=\"https:\/\/terrassenbau-halle.de\/wp-content\/uploads\/2020\/09\/Galerie-Balkonsanierung-Gefaelle-Abdichtung-Randblech-7.jpg\" target=_blank>\r\n                                                 <img src=\"https:\/\/terrassenbau-halle.de\/wp-content\/uploads\/2020\/09\/Galerie-Balkonsanierung-Gefaelle-Abdichtung-Randblech-7-768x1024.jpg\" alt=\"icon\"\/>\r\n                <\/a>\r\n      <\/div>\r\n<\/section>\r\n    [\/vc_column][vc_column width=&#8220;1\/3&#8243;]\r\n\r\n\r\n\r\n<section class=\"wd-section-blog text-center style2\">\r\n  <div class=\"wd-blog-post  \" >\r\n      <h4 class=\"wd-title-element\">Fl\u00fcssigkunststoffabdichtung<\/h4>\r\n      <p>\r\n          Anschlu\u00df des Bodenaublaufes      <\/p>\r\n              <a href=\"https:\/\/terrassenbau-halle.de\/wp-content\/uploads\/2020\/09\/Galerie-Balkonsanierung-Gefaelle-Abdichtung-Randblech-13.jpg\" target=_blank>\r\n                                                 <img src=\"https:\/\/terrassenbau-halle.de\/wp-content\/uploads\/2020\/09\/Galerie-Balkonsanierung-Gefaelle-Abdichtung-Randblech-13-768x1024.jpg\" alt=\"icon\"\/>\r\n                <\/a>\r\n      <\/div>\r\n<\/section>\r\n    [\/vc_column][vc_column width=&#8220;1\/3&#8243;]\r\n\r\n\r\n\r\n<section class=\"wd-section-blog text-center style2\">\r\n  <div class=\"wd-blog-post  \" >\r\n      <h4 class=\"wd-title-element\">Randblech aus Titanzink<\/h4>\r\n      <p>\r\n          mit neuer Klemmleiste am Rahmenprofil      <\/p>\r\n              <a href=\"https:\/\/terrassenbau-halle.de\/wp-content\/uploads\/2020\/09\/Galerie-Balkonsanierung-Gefaelle-Abdichtung-Randblech-8.jpg\" target=_blank>\r\n                                                 <img src=\"https:\/\/terrassenbau-halle.de\/wp-content\/uploads\/2020\/09\/Galerie-Balkonsanierung-Gefaelle-Abdichtung-Randblech-8-1024x768.jpg\" alt=\"icon\"\/>\r\n                <\/a>\r\n      <\/div>\r\n<\/section>\r\n    [\/vc_column][\/vc_row][vc_row][vc_column width=&#8220;1\/3&#8243;]\r\n\r\n\r\n\r\n<section class=\"wd-section-blog text-center style2\">\r\n  <div class=\"wd-blog-post  \" >\r\n      <h4 class=\"wd-title-element\">Fensterbankblech aus Titanzink<\/h4>\r\n      <p>\r\n          auf Ma\u00df abgekantet      <\/p>\r\n              <a href=\"https:\/\/terrassenbau-halle.de\/wp-content\/uploads\/2020\/09\/Galerie-Balkonsanierung-Gefaelle-Abdichtung-Randblech-9.jpg\" target=_blank>\r\n                                                 <img src=\"https:\/\/terrassenbau-halle.de\/wp-content\/uploads\/2020\/09\/Galerie-Balkonsanierung-Gefaelle-Abdichtung-Randblech-9-1024x768.jpg\" alt=\"icon\"\/>\r\n                <\/a>\r\n      <\/div>\r\n<\/section>\r\n    [\/vc_column][vc_column width=&#8220;1\/3&#8243;]\r\n\r\n\r\n\r\n<section class=\"wd-section-blog text-center style2\">\r\n  <div class=\"wd-blog-post  \" >\r\n      <h4 class=\"wd-title-element\">Fertiger Bodenbelag<\/h4>\r\n      <p>\r\n          mit Passplatten      <\/p>\r\n              <a href=\"https:\/\/terrassenbau-halle.de\/wp-content\/uploads\/2020\/09\/Galerie-Balkonsanierung-Gefaelle-Abdichtung-Randblech-14.jpg\" target=_blank>\r\n                                                 <img src=\"https:\/\/terrassenbau-halle.de\/wp-content\/uploads\/2020\/09\/Galerie-Balkonsanierung-Gefaelle-Abdichtung-Randblech-14-683x1024.jpg\" alt=\"icon\"\/>\r\n                <\/a>\r\n      <\/div>\r\n<\/section>\r\n    [\/vc_column][vc_column width=&#8220;1\/3&#8243;]\r\n\r\n\r\n\r\n<section class=\"wd-section-blog text-center style2\">\r\n  <div class=\"wd-blog-post  \" >\r\n      <h4 class=\"wd-title-element\">Randblech<\/h4>\r\n      <p>\r\n          neu dauerelastisch ausgefugt      <\/p>\r\n              <a href=\"https:\/\/terrassenbau-halle.de\/wp-content\/uploads\/2020\/09\/Galerie-Balkonsanierung-Gefaelle-Abdichtung-Randblech-15.jpg\" target=_blank>\r\n                                                 <img src=\"https:\/\/terrassenbau-halle.de\/wp-content\/uploads\/2020\/09\/Galerie-Balkonsanierung-Gefaelle-Abdichtung-Randblech-15-1024x683.jpg\" alt=\"icon\"\/>\r\n                <\/a>\r\n      <\/div>\r\n<\/section>\r\n    [\/vc_column][\/vc_row]<\/p>\n<\/section>","protected":false},"excerpt":{"rendered":"<p>[vc_row][vc_column][vc_column_text] Kalkablagerungen im unteren Teil des Bodenablaufes f\u00fchrten zu einer Verstopfung und einem Aufstau von Niederschlagswasser bis zum Not\u00fcberlauf. Nachdem der Bodenablauf freigelegt und gereinigt wurde,\u00a0 wurde die Entscheidung zur Erneuerung des durchn\u00e4ssten Altbelages aus Betonwerksteinplatten und der durchn\u00e4ssten Bettungsschicht aus Zementm\u00f6rtel getroffen. Nachdem der Bodenbelag r\u00fcckgebaut war, wurde festgestellt, dass die Bitumenabdichtung kein Gef\u00e4lle [&hellip;]<\/p>\n","protected":false},"author":1,"featured_media":2457,"parent":0,"menu_order":0,"comment_status":"closed","ping_status":"open","template":"","meta":[],"_links":{"self":[{"href":"https:\/\/terrassenbau-halle.de\/index.php?rest_route=\/wp\/v2\/pages\/3100"}],"collection":[{"href":"https:\/\/terrassenbau-halle.de\/index.php?rest_route=\/wp\/v2\/pages"}],"about":[{"href":"https:\/\/terrassenbau-halle.de\/index.php?rest_route=\/wp\/v2\/types\/page"}],"author":[{"embeddable":true,"href":"https:\/\/terrassenbau-halle.de\/index.php?rest_route=\/wp\/v2\/users\/1"}],"replies":[{"embeddable":true,"href":"https:\/\/terrassenbau-halle.de\/index.php?rest_route=%2Fwp%2Fv2%2Fcomments&post=3100"}],"version-history":[{"count":8,"href":"https:\/\/terrassenbau-halle.de\/index.php?rest_route=\/wp\/v2\/pages\/3100\/revisions"}],"predecessor-version":[{"id":3110,"href":"https:\/\/terrassenbau-halle.de\/index.php?rest_route=\/wp\/v2\/pages\/3100\/revisions\/3110"}],"wp:featuredmedia":[{"embeddable":true,"href":"https:\/\/terrassenbau-halle.de\/index.php?rest_route=\/wp\/v2\/media\/2457"}],"wp:attachment":[{"href":"https:\/\/terrassenbau-halle.de\/index.php?rest_route=%2Fwp%2Fv2%2Fmedia&parent=3100"}],"curies":[{"name":"wp","href":"https:\/\/api.w.org\/{rel}","templated":true}]}}