{"id":2473,"date":"2020-07-27T12:56:30","date_gmt":"2020-07-27T12:56:30","guid":{"rendered":"https:\/\/terrassenbau-halle.de\/?page_id=2473"},"modified":"2020-08-15T09:21:00","modified_gmt":"2020-08-15T09:21:00","slug":"referenzgalerie-pool-mit-terrasse-kopie","status":"publish","type":"page","link":"https:\/\/terrassenbau-halle.de\/?page_id=2473","title":{"rendered":"Referenzgalerie Terrasse Steinoptik mit Sockel und Sichtschutz"},"content":{"rendered":"<section class=\"wpb-content-wrapper\"><p>[vc_row][vc_column][vc_column_text]<\/p>\n<div class=\"wd-title-block\">\n<p><span style=\"font-family: 'Open Sans';\">Nach dem R\u00fcckbau des Betonpflasters und der Randeinfassungen wurde der Sichtschutz aus pulverbeschichteten Aluminiumpfosten und einer F\u00fcllung aus Keramikplatten neu aufgebaut.<\/span><\/p>\n<\/div>\n<div class=\"vc_row wpb_row vc_row-fluid\">\n<div class=\"wpb_column vc_column_container vc_col-sm-12\">\n<div class=\"vc_column-inner \">\n<div class=\"wpb_wrapper\">\n<div class=\"wpb_text_column wpb_content_element \">\n<div class=\"wpb_wrapper\">\n<p>Der Sockel am Haus wurde umlaufend mit Keramikplatten verkleidet. Die Aufkantungen der Terrassent\u00fcren wurden mit Winkelelemtente aus Keramik verkleidet.<\/p>\n<p>F\u00fcr die Terrasse wurden umlaufend neue\u00a0 Randeinfassungen aus Naturstein gesetzt und die frostfreie Gr\u00fcndung der Verlegefl\u00e4chen hergestellt.<\/p>\n<p>Die Verlegung der Platten im Format 45x90x2 cm erfolgte im Splittbett. Im Anschlu\u00df an den Pool mu\u00dften die Platten im Radius zugeschnitten werden.\u00a0 Auch das Fundament f\u00fcr die Auflage der F\u00fchrungsschinien der \u00dcberdachung wurde umlaufend mit Keramikplatten verkleidet.<\/p>\n<p>Die Zusatzfl\u00e4chen vor den Grillkamin und die Gartendusche wurden nachtr\u00e4glich erstellt und runden das Erscheinungsbild ab.<\/p>\n<\/div>\n<\/div>\n<\/div>\n<\/div>\n<\/div>\n<\/div>\n<p>[\/vc_column_text][\/vc_column][\/vc_row][vc_row][vc_column equalizer_column=&#8220;yes&#8220;]\r\n\r\n<div class=\"wd_empty_space\" data-heightmobile=\"20\" data-heighttablet=\"30\" data-heightdesktop=\"70\">\r\n\r\n<\/div>\r\n      \r\n\r\n\r\n\r\n        \r\n      \r\n    [\/vc_column][\/vc_row][vc_row][vc_column width=&#8220;1\/3&#8243;]\r\n\r\n\r\n\r\n<section class=\"wd-section-blog text-center style2\">\r\n  <div class=\"wd-blog-post  \" >\r\n      <h4 class=\"wd-title-element\">Sockelfliesen<\/h4>\r\n      <p>\r\n          passend zum Bodenbelag      <\/p>\r\n              <a href=\"https:\/\/terrassenbau-halle.de\/wp-content\/uploads\/2020\/07\/17_Terrasse_Steinoptik_Sockel_Sichtschutz_Galerie_image005.jpg\" target=_blank>\r\n                                                 <img src=\"https:\/\/terrassenbau-halle.de\/wp-content\/uploads\/2020\/07\/17_Terrasse_Steinoptik_Sockel_Sichtschutz_Vorschau_image005.jpg\" alt=\"icon\"\/>\r\n                <\/a>\r\n      <\/div>\r\n<\/section>\r\n    [\/vc_column][vc_column width=&#8220;1\/3&#8243;]\r\n\r\n\r\n\r\n<section class=\"wd-section-blog text-center style2\">\r\n  <div class=\"wd-blog-post  \" >\r\n      <h4 class=\"wd-title-element\">Randeinfassung<\/h4>\r\n      <p>\r\n          Versatz in Betonestrich      <\/p>\r\n              <a href=\"https:\/\/terrassenbau-halle.de\/wp-content\/uploads\/2020\/07\/17_Terrasse_Steinoptik_Sockel_Sichtschutz_Galerie_image006.jpg\" target=_blank>\r\n                                                 <img src=\"https:\/\/terrassenbau-halle.de\/wp-content\/uploads\/2020\/07\/17_Terrasse_Steinoptik_Sockel_Sichtschutz_Vorschau_image006.jpg\" alt=\"icon\"\/>\r\n                <\/a>\r\n      <\/div>\r\n<\/section>\r\n    [\/vc_column][vc_column width=&#8220;1\/3&#8243;]\r\n\r\n\r\n\r\n<section class=\"wd-section-blog text-center style2\">\r\n  <div class=\"wd-blog-post  \" >\r\n      <h4 class=\"wd-title-element\">Fundament Poolabdeckung<\/h4>\r\n      <p>\r\n          Verkleidung mit Keramikplatten      <\/p>\r\n              <a href=\"https:\/\/terrassenbau-halle.de\/wp-content\/uploads\/2020\/07\/17_Terrasse_Steinoptik_Sockel_Sichtschutz_Galerie_image007.jpg\" target=_blank>\r\n                                                 <img src=\"https:\/\/terrassenbau-halle.de\/wp-content\/uploads\/2020\/07\/17_Terrasse_Steinoptik_Sockel_Sichtschutz_Vorschau_image007.jpg\" alt=\"icon\"\/>\r\n                <\/a>\r\n      <\/div>\r\n<\/section>\r\n    [\/vc_column][\/vc_row][vc_row][vc_column width=&#8220;1\/3&#8243;]\r\n\r\n\r\n\r\n<section class=\"wd-section-blog text-center style2\">\r\n  <div class=\"wd-blog-post  \" >\r\n      <h4 class=\"wd-title-element\">Plattenverlegung<\/h4>\r\n      <p>\r\n          Zuschnitt der Passplatten      <\/p>\r\n              <a href=\"https:\/\/terrassenbau-halle.de\/wp-content\/uploads\/2020\/07\/17_Terrasse_Steinoptik_Sockel_Sichtschutz_Galerie_image008.jpg\" target=_blank>\r\n                                                 <img src=\"https:\/\/terrassenbau-halle.de\/wp-content\/uploads\/2020\/07\/17_Terrasse_Steinoptik_Sockel_Sichtschutz_Vorschau_image008.jpg\" alt=\"icon\"\/>\r\n                <\/a>\r\n      <\/div>\r\n<\/section>\r\n    [\/vc_column][vc_column width=&#8220;1\/3&#8243;]\r\n\r\n\r\n\r\n<section class=\"wd-section-blog text-center style2\">\r\n  <div class=\"wd-blog-post  \" >\r\n      <h4 class=\"wd-title-element\">Plattenzuschnitt<\/h4>\r\n      <p>\r\n          Ausschnitt f\u00fcr Fallrohr      <\/p>\r\n              <a href=\"https:\/\/terrassenbau-halle.de\/wp-content\/uploads\/2020\/07\/17_Terrasse_Steinoptik_Sockel_Sichtschutz_Galerie_image009.jpg\" target=_blank>\r\n                                                 <img src=\"https:\/\/terrassenbau-halle.de\/wp-content\/uploads\/2020\/07\/17_Terrasse_Steinoptik_Sockel_Sichtschutz_Vorschau_image009.jpg\" alt=\"icon\"\/>\r\n                <\/a>\r\n      <\/div>\r\n<\/section>\r\n    [\/vc_column][vc_column width=&#8220;1\/3&#8243;]\r\n\r\n\r\n\r\n<section class=\"wd-section-blog text-center style2\">\r\n  <div class=\"wd-blog-post  \" >\r\n      <h4 class=\"wd-title-element\">\u00dcbergang zum Grillkamin<\/h4>\r\n      <p>\r\n          Erweiterungsfl\u00e4che      <\/p>\r\n              <a href=\"https:\/\/terrassenbau-halle.de\/wp-content\/uploads\/2020\/07\/17_Terrasse_Steinoptik_Sockel_Sichtschutz_Galerie_image013.jpg\" target=_blank>\r\n                                                 <img src=\"https:\/\/terrassenbau-halle.de\/wp-content\/uploads\/2020\/07\/17_Terrasse_Steinoptik_Sockel_Sichtschutz_Vorschau_image013.jpg\" alt=\"icon\"\/>\r\n                <\/a>\r\n      <\/div>\r\n<\/section>\r\n    [\/vc_column][\/vc_row][vc_row][vc_column width=&#8220;1\/3&#8243;]\r\n\r\n\r\n\r\n<section class=\"wd-section-blog text-center style2\">\r\n  <div class=\"wd-blog-post  \" >\r\n      <h4 class=\"wd-title-element\">Fertiger Bodenbelag<\/h4>\r\n      <p>\r\n          Mit \u00dcbergang zu den Sockelfliesen      <\/p>\r\n              <a href=\"https:\/\/terrassenbau-halle.de\/wp-content\/uploads\/2020\/07\/17_Terrasse_Steinoptik_Sockel_Sichtschutz_Galerie_image014.jpg\" target=_blank>\r\n                                                 <img src=\"https:\/\/terrassenbau-halle.de\/wp-content\/uploads\/2020\/07\/17_Terrasse_Steinoptik_Sockel_Sichtschutz_Vorschau_image014.jpg\" alt=\"icon\"\/>\r\n                <\/a>\r\n      <\/div>\r\n<\/section>\r\n    [\/vc_column][vc_column width=&#8220;1\/3&#8243;]\r\n\r\n\r\n\r\n<section class=\"wd-section-blog text-center style2\">\r\n  <div class=\"wd-blog-post  \" >\r\n      <h4 class=\"wd-title-element\">Detail Sockelverkleidung<\/h4>\r\n      <p>\r\n          Mit Gehrungsschnitt und Abschlu\u00dfprofil      <\/p>\r\n              <a href=\"https:\/\/terrassenbau-halle.de\/wp-content\/uploads\/2020\/07\/17_Terrasse_Steinoptik_Sockel_Sichtschutz_Galerie_image001.jpg\" target=_blank>\r\n                                                 <img src=\"https:\/\/terrassenbau-halle.de\/wp-content\/uploads\/2020\/07\/17_Terrasse_Steinoptik_Sockel_Sichtschutz_Galerie_image001-769x1024.jpg\" alt=\"icon\"\/>\r\n                <\/a>\r\n      <\/div>\r\n<\/section>\r\n    [\/vc_column][vc_column width=&#8220;1\/3&#8243;]\r\n\r\n\r\n\r\n<section class=\"wd-section-blog text-center style2\">\r\n  <div class=\"wd-blog-post  \" >\r\n      <h4 class=\"wd-title-element\">\u00dcbergang zum Pool<\/h4>\r\n      <p>\r\n          Plattenzuschnitt passend zur Rundung      <\/p>\r\n              <a href=\"https:\/\/terrassenbau-halle.de\/wp-content\/uploads\/2020\/07\/17_Terrasse_Steinoptik_Sockel_Sichtschutz_Galerie_image015.jpg\" target=_blank>\r\n                                                 <img src=\"https:\/\/terrassenbau-halle.de\/wp-content\/uploads\/2020\/07\/17_Terrasse_Steinoptik_Sockel_Sichtschutz_Vorschau_image015.jpg\" alt=\"icon\"\/>\r\n                <\/a>\r\n      <\/div>\r\n<\/section>\r\n    [\/vc_column][\/vc_row][vc_row][vc_column width=&#8220;1\/3&#8243;]\r\n\r\n\r\n\r\n<section class=\"wd-section-blog text-center style2\">\r\n  <div class=\"wd-blog-post  \" >\r\n      <h4 class=\"wd-title-element\">Sichtschutz<\/h4>\r\n      <p>\r\n          Aluminiumpfosten mit Keramikf\u00fcllung      <\/p>\r\n              <a href=\"https:\/\/terrassenbau-halle.de\/wp-content\/uploads\/2020\/07\/17_Terrasse_Steinoptik_Sockel_Sichtschutz_Galerie_image012.jpg\" target=_blank>\r\n                                                 <img src=\"https:\/\/terrassenbau-halle.de\/wp-content\/uploads\/2020\/07\/17_Terrasse_Steinoptik_Sockel_Sichtschutz_Vorschau_image012.jpg\" alt=\"icon\"\/>\r\n                <\/a>\r\n      <\/div>\r\n<\/section>\r\n    [\/vc_column][vc_column width=&#8220;1\/3&#8243;]\r\n\r\n\r\n\r\n<section class=\"wd-section-blog text-center style2\">\r\n  <div class=\"wd-blog-post  \" >\r\n      <h4 class=\"wd-title-element\">Aluminiumpfosten mit Keramikf\u00fcllung<\/h4>\r\n      <p>\r\n          Abstand zwischen den Platten als Gestaltungselement      <\/p>\r\n              <a href=\"https:\/\/terrassenbau-halle.de\/wp-content\/uploads\/2020\/07\/17_Terrasse_Steinoptik_Sockel_Sichtschutz_Galerie_image011.jpg\" target=_blank>\r\n                                                 <img src=\"https:\/\/terrassenbau-halle.de\/wp-content\/uploads\/2020\/07\/17_Terrasse_Steinoptik_Sockel_Sichtschutz_Vorschau_image011.jpg\" alt=\"icon\"\/>\r\n                <\/a>\r\n      <\/div>\r\n<\/section>\r\n    [\/vc_column][vc_column width=&#8220;1\/3&#8243;]\r\n\r\n\r\n\r\n<section class=\"wd-section-blog text-center style2\">\r\n  <div class=\"wd-blog-post  \" >\r\n      <h4 class=\"wd-title-element\">Beleuchtung Sichtschutz<\/h4>\r\n      <p>\r\n          Mit Aufsatzprofil f\u00fcr indirekte RGB-LED-Beleuchtung      <\/p>\r\n              <a href=\"https:\/\/terrassenbau-halle.de\/wp-content\/uploads\/2020\/07\/17_Terrasse_Steinoptik_Sockel_Sichtschutz_Galerie_image004.jpg\" target=_blank>\r\n                                                 <img src=\"https:\/\/terrassenbau-halle.de\/wp-content\/uploads\/2020\/07\/17_Terrasse_Steinoptik_Sockel_Sichtschutz_Vorschau_image004.jpg\" alt=\"icon\"\/>\r\n                <\/a>\r\n      <\/div>\r\n<\/section>\r\n    [\/vc_column][\/vc_row]<\/p>\n<\/section>","protected":false},"excerpt":{"rendered":"<p>[vc_row][vc_column][vc_column_text] Nach dem R\u00fcckbau des Betonpflasters und der Randeinfassungen wurde der Sichtschutz aus pulverbeschichteten Aluminiumpfosten und einer F\u00fcllung aus Keramikplatten neu aufgebaut. Der Sockel am Haus wurde umlaufend mit Keramikplatten verkleidet. Die Aufkantungen der Terrassent\u00fcren wurden mit Winkelelemtente aus Keramik verkleidet. F\u00fcr die Terrasse wurden umlaufend neue\u00a0 Randeinfassungen aus Naturstein gesetzt und die frostfreie Gr\u00fcndung [&hellip;]<\/p>\n","protected":false},"author":1,"featured_media":2457,"parent":0,"menu_order":0,"comment_status":"closed","ping_status":"open","template":"","meta":[],"_links":{"self":[{"href":"https:\/\/terrassenbau-halle.de\/index.php?rest_route=\/wp\/v2\/pages\/2473"}],"collection":[{"href":"https:\/\/terrassenbau-halle.de\/index.php?rest_route=\/wp\/v2\/pages"}],"about":[{"href":"https:\/\/terrassenbau-halle.de\/index.php?rest_route=\/wp\/v2\/types\/page"}],"author":[{"embeddable":true,"href":"https:\/\/terrassenbau-halle.de\/index.php?rest_route=\/wp\/v2\/users\/1"}],"replies":[{"embeddable":true,"href":"https:\/\/terrassenbau-halle.de\/index.php?rest_route=%2Fwp%2Fv2%2Fcomments&post=2473"}],"version-history":[{"count":9,"href":"https:\/\/terrassenbau-halle.de\/index.php?rest_route=\/wp\/v2\/pages\/2473\/revisions"}],"predecessor-version":[{"id":2846,"href":"https:\/\/terrassenbau-halle.de\/index.php?rest_route=\/wp\/v2\/pages\/2473\/revisions\/2846"}],"wp:featuredmedia":[{"embeddable":true,"href":"https:\/\/terrassenbau-halle.de\/index.php?rest_route=\/wp\/v2\/media\/2457"}],"wp:attachment":[{"href":"https:\/\/terrassenbau-halle.de\/index.php?rest_route=%2Fwp%2Fv2%2Fmedia&parent=2473"}],"curies":[{"name":"wp","href":"https:\/\/api.w.org\/{rel}","templated":true}]}}