{"id":2415,"date":"2020-07-15T10:04:15","date_gmt":"2020-07-15T10:04:15","guid":{"rendered":"https:\/\/terrassenbau-halle.de\/?page_id=2415"},"modified":"2020-08-15T09:14:25","modified_gmt":"2020-08-15T09:14:25","slug":"referenzgalerie-dachterrasse-keramikplatten-auf-stelzlagen","status":"publish","type":"page","link":"https:\/\/terrassenbau-halle.de\/?page_id=2415","title":{"rendered":"Referenzgalerie Dachterrasse Keramikplatten auf Stelzlagen"},"content":{"rendered":"<section class=\"wpb-content-wrapper\"><p>[vc_row][vc_column][vc_column_text]<\/p>\n<div class=\"wd-title-block\">\n<p>Dachterrasse Keramikplatten auf Stelzlagen<\/p>\n<p>Die bitumin\u00f6se Abdichtung wurde saniert und an allen bauseitigen Anschl\u00fcssen mit Fl\u00fcssigkunstoff neu abgedichtet. Die Fugen der Verblechung und alle dauerelastischen Anschlu\u00dffugen wurden erneuert.<\/p>\n<p>Die Plattenverlegung erfolgte auf h\u00f6henverstellbaren Lagern, der Oberbelag wird durch ein Aluminiumprofil am Gel\u00e4nder fixiert.<\/p>\n<\/div>\n<p>[\/vc_column_text][\/vc_column][\/vc_row][vc_row][vc_column equalizer_column=&#8220;yes&#8220;]\r\n\r\n<div class=\"wd_empty_space\" data-heightmobile=\"20\" data-heighttablet=\"30\" data-heightdesktop=\"70\">\r\n\r\n<\/div>\r\n      \r\n\r\n\r\n\r\n        \r\n      \r\n    [\/vc_column][\/vc_row][vc_row][vc_column width=&#8220;1\/2&#8243;]\r\n\r\n\r\n\r\n<section class=\"wd-section-blog text-center style2\">\r\n  <div class=\"wd-blog-post  \" >\r\n      <h4 class=\"wd-title-element\">Fl\u00fcssigkunststoffabdichtung<\/h4>\r\n      <p>\r\n          Als Sanierung f\u00fcr Bitumenabdichtung      <\/p>\r\n              <a href=\"https:\/\/terrassenbau-halle.de\/wp-content\/uploads\/2020\/07\/16_Dachterrasse_Holzoptik_Galerie_image001.jpg\" target=_blank>\r\n                                                 <img src=\"https:\/\/terrassenbau-halle.de\/wp-content\/uploads\/2020\/07\/16_Dachterrasse_Holzoptik_Vorschau_image001.jpg\" alt=\"icon\"\/>\r\n                <\/a>\r\n      <\/div>\r\n<\/section>\r\n    [\/vc_column][vc_column width=&#8220;1\/2&#8243;]\r\n\r\n\r\n\r\n<section class=\"wd-section-blog text-center style2\">\r\n  <div class=\"wd-blog-post  \" >\r\n      <h4 class=\"wd-title-element\">Fertiger Bodenbelag<\/h4>\r\n      <p>\r\n          Auf Stelzlagern verlegt      <\/p>\r\n              <a href=\"https:\/\/terrassenbau-halle.de\/wp-content\/uploads\/2020\/07\/16_Dachterrasse_Holzoptik_Galerie_image002.jpg\" target=_blank>\r\n                                                 <img src=\"https:\/\/terrassenbau-halle.de\/wp-content\/uploads\/2020\/07\/16_Dachterrasse_Holzoptik_Vorschau_image002.jpg\" alt=\"icon\"\/>\r\n                <\/a>\r\n      <\/div>\r\n<\/section>\r\n    [\/vc_column][\/vc_row]<\/p>\n<\/section>","protected":false},"excerpt":{"rendered":"<p>[vc_row][vc_column][vc_column_text] Dachterrasse Keramikplatten auf Stelzlagen Die bitumin\u00f6se Abdichtung wurde saniert und an allen bauseitigen Anschl\u00fcssen mit Fl\u00fcssigkunstoff neu abgedichtet. Die Fugen der Verblechung und alle dauerelastischen Anschlu\u00dffugen wurden erneuert. Die Plattenverlegung erfolgte auf h\u00f6henverstellbaren Lagern, der Oberbelag wird durch ein Aluminiumprofil am Gel\u00e4nder fixiert. [\/vc_column_text][\/vc_column][\/vc_row][vc_row][vc_column equalizer_column=&#8220;yes&#8220;][\/vc_column][\/vc_row][vc_row][vc_column width=&#8220;1\/2&#8243;][\/vc_column][vc_column width=&#8220;1\/2&#8243;][\/vc_column][\/vc_row]<\/p>\n","protected":false},"author":1,"featured_media":0,"parent":0,"menu_order":0,"comment_status":"closed","ping_status":"open","template":"","meta":[],"_links":{"self":[{"href":"https:\/\/terrassenbau-halle.de\/index.php?rest_route=\/wp\/v2\/pages\/2415"}],"collection":[{"href":"https:\/\/terrassenbau-halle.de\/index.php?rest_route=\/wp\/v2\/pages"}],"about":[{"href":"https:\/\/terrassenbau-halle.de\/index.php?rest_route=\/wp\/v2\/types\/page"}],"author":[{"embeddable":true,"href":"https:\/\/terrassenbau-halle.de\/index.php?rest_route=\/wp\/v2\/users\/1"}],"replies":[{"embeddable":true,"href":"https:\/\/terrassenbau-halle.de\/index.php?rest_route=%2Fwp%2Fv2%2Fcomments&post=2415"}],"version-history":[{"count":3,"href":"https:\/\/terrassenbau-halle.de\/index.php?rest_route=\/wp\/v2\/pages\/2415\/revisions"}],"predecessor-version":[{"id":2838,"href":"https:\/\/terrassenbau-halle.de\/index.php?rest_route=\/wp\/v2\/pages\/2415\/revisions\/2838"}],"wp:attachment":[{"href":"https:\/\/terrassenbau-halle.de\/index.php?rest_route=%2Fwp%2Fv2%2Fmedia&parent=2415"}],"curies":[{"name":"wp","href":"https:\/\/api.w.org\/{rel}","templated":true}]}}

<section class="wpb-content-wrapper"><p>[vc_row][vc_column][vc_column_text]</p>
<div class="wd-title-block">
<p>Dachterrasse Keramikplatten auf Stelzlagen</p>
<p>Die bituminöse Abdichtung wurde saniert und an allen bauseitigen Anschlüssen mit Flüssigkunstoff neu abgedichtet. Die Fugen der Verblechung und alle dauerelastischen Anschlußfugen wurden erneuert.</p>
<p>Die Plattenverlegung erfolgte auf höhenverstellbaren Lagern, der Oberbelag wird durch ein Aluminiumprofil am Geländer fixiert.</p>
</div>
<p>[/vc_column_text][/vc_column][/vc_row][vc_row][vc_column equalizer_column=&#8220;yes&#8220;]

<div class="wd_empty_space" data-heightmobile="20" data-heighttablet="30" data-heightdesktop="70">

</div>
      



        
      
    [/vc_column][/vc_row][vc_row][vc_column width=&#8220;1/2&#8243;]



<section class="wd-section-blog text-center style2">
  <div class="wd-blog-post  " >
      <h4 class="wd-title-element">Flüssigkunststoffabdichtung</h4>
      <p>
          Als Sanierung für Bitumenabdichtung      </p>
              <a href="https://terrassenbau-halle.de/wp-content/uploads/2020/07/16_Dachterrasse_Holzoptik_Galerie_image001.jpg" target=_blank>
                                                 <img src="https://terrassenbau-halle.de/wp-content/uploads/2020/07/16_Dachterrasse_Holzoptik_Vorschau_image001.jpg" alt="icon"/>
                </a>
      </div>
</section>
    [/vc_column][vc_column width=&#8220;1/2&#8243;]



<section class="wd-section-blog text-center style2">
  <div class="wd-blog-post  " >
      <h4 class="wd-title-element">Fertiger Bodenbelag</h4>
      <p>
          Auf Stelzlagern verlegt      </p>
              <a href="https://terrassenbau-halle.de/wp-content/uploads/2020/07/16_Dachterrasse_Holzoptik_Galerie_image002.jpg" target=_blank>
                                                 <img src="https://terrassenbau-halle.de/wp-content/uploads/2020/07/16_Dachterrasse_Holzoptik_Vorschau_image002.jpg" alt="icon"/>
                </a>
      </div>
</section>
    [/vc_column][/vc_row]</p>
</section>

<p>[vc_row][vc_column][vc_column_text] Dachterrasse Keramikplatten auf Stelzlagen Die bituminöse Abdichtung wurde saniert und an allen bauseitigen Anschlüssen mit Flüssigkunstoff neu abgedichtet. Die Fugen der Verblechung und alle dauerelastischen Anschlußfugen wurden erneuert. Die Plattenverlegung erfolgte auf höhenverstellbaren Lagern, der Oberbelag wird durch ein Aluminiumprofil am Geländer fixiert. [/vc_column_text][/vc_column][/vc_row][vc_row][vc_column equalizer_column=&#8220;yes&#8220;][/vc_column][/vc_row][vc_row][vc_column width=&#8220;1/2&#8243;][/vc_column][vc_column width=&#8220;1/2&#8243;][/vc_column][/vc_row]</p>
