{"id":2398,"date":"2020-07-15T09:18:29","date_gmt":"2020-07-15T09:18:29","guid":{"rendered":"https:\/\/terrassenbau-halle.de\/?page_id=2398"},"modified":"2020-08-15T09:21:14","modified_gmt":"2020-08-15T09:21:14","slug":"referenzgalerie-terrassenplatten-grossformat-90x90cm","status":"publish","type":"page","link":"https:\/\/terrassenbau-halle.de\/?page_id=2398","title":{"rendered":"Referenzgalerie Terrassenplatten Gro\u00dfformat 90 x 90cm"},"content":{"rendered":"<section class=\"wpb-content-wrapper\"><p>[vc_row][vc_column][vc_column_text]<\/p>\n<div class=\"wd-title-block\">\n<p>Terrassenplatten im Gro\u00dfformat 90 x 90 cm<\/p>\n<p>Die Erweiterung und Sanierung einer vorhandenen Terrasse wurde mit gro\u00dfformatigen keramischen Terrassenplatten realisiert.<\/p>\n<p>F\u00fcr die Erweiterungsfl\u00e4che wurde eine Randeinfassung von Grund auf neu erstellt.<\/p>\n<p>F\u00fcr die Verlegung der Platten wurde ein h\u00f6henverstellbares Aluminiumtr\u00e4gersystem gew\u00e4hlt, um eine bestm\u00f6gliche Ebenfl\u00e4chigkeit des Oberbelages zu erzielen.<\/p>\n<\/div>\n<p>[\/vc_column_text][\/vc_column][\/vc_row][vc_row][vc_column equalizer_column=&#8220;yes&#8220;]\r\n\r\n<div class=\"wd_empty_space\" data-heightmobile=\"20\" data-heighttablet=\"30\" data-heightdesktop=\"70\">\r\n\r\n<\/div>\r\n      \r\n\r\n\r\n\r\n        \r\n      \r\n    [\/vc_column][\/vc_row][vc_row][vc_column width=&#8220;1\/3&#8243;]\r\n\r\n\r\n\r\n<section class=\"wd-section-blog text-center style2\">\r\n  <div class=\"wd-blog-post  \" >\r\n      <h4 class=\"wd-title-element\">Randeinfassung<\/h4>\r\n      <p>\r\n          Von Grund auf neu erstellt      <\/p>\r\n              <a href=\"https:\/\/terrassenbau-halle.de\/wp-content\/uploads\/2020\/07\/15_Terrasse_Gro\u00dfformat_Galerie_image003.jpg\" target=_blank>\r\n                                                 <img src=\"https:\/\/terrassenbau-halle.de\/wp-content\/uploads\/2020\/07\/15_Terrasse_Gro\u00dfformat_Vorschau_image003.jpg\" alt=\"icon\"\/>\r\n                <\/a>\r\n      <\/div>\r\n<\/section>\r\n    [\/vc_column][vc_column width=&#8220;1\/3&#8243;]\r\n\r\n\r\n\r\n<section class=\"wd-section-blog text-center style2\">\r\n  <div class=\"wd-blog-post  \" >\r\n      <h4 class=\"wd-title-element\">Sockelabdichtung<\/h4>\r\n      <p>\r\n          mit Fl\u00fcssigkunststoff      <\/p>\r\n              <a href=\"https:\/\/terrassenbau-halle.de\/wp-content\/uploads\/2020\/07\/15_Terrasse_Gro\u00dfformat_Galerie_image004.jpg\" target=_blank>\r\n                                                 <img src=\"https:\/\/terrassenbau-halle.de\/wp-content\/uploads\/2020\/07\/15_Terrasse_Gro\u00dfformat_Vorschau_image004.jpg\" alt=\"icon\"\/>\r\n                <\/a>\r\n      <\/div>\r\n<\/section>\r\n    [\/vc_column][vc_column width=&#8220;1\/3&#8243;]\r\n\r\n\r\n\r\n<section class=\"wd-section-blog text-center style2\">\r\n  <div class=\"wd-blog-post  \" >\r\n      <h4 class=\"wd-title-element\">Aluminiumtr\u00e4gersystem<\/h4>\r\n      <p>\r\n          Auf H\u00f6he eingestellt      <\/p>\r\n              <a href=\"https:\/\/terrassenbau-halle.de\/wp-content\/uploads\/2020\/07\/15_Terrasse_Gro\u00dfformat_Galerie_image005.jpg\" target=_blank>\r\n                                                 <img src=\"https:\/\/terrassenbau-halle.de\/wp-content\/uploads\/2020\/07\/15_Terrasse_Gro\u00dfformat_Vorschau_image005.jpg\" alt=\"icon\"\/>\r\n                <\/a>\r\n      <\/div>\r\n<\/section>\r\n    [\/vc_column][\/vc_row][vc_row][vc_column width=&#8220;1\/3&#8243;]\r\n\r\n\r\n\r\n<section class=\"wd-section-blog text-center style2\">\r\n  <div class=\"wd-blog-post  \" >\r\n      <h4 class=\"wd-title-element\">Abdichtung Fensteranschl\u00fcsse<\/h4>\r\n      <p>\r\n          Mit Fl\u00fcssigkunststoff      <\/p>\r\n              <a href=\"https:\/\/terrassenbau-halle.de\/wp-content\/uploads\/2020\/07\/15_Terrasse_Gro\u00dfformat_Galerie_image008.jpg\" target=_blank>\r\n                                                 <img src=\"https:\/\/terrassenbau-halle.de\/wp-content\/uploads\/2020\/07\/15_Terrasse_Gro\u00dfformat_Vorschau_image008.jpg\" alt=\"icon\"\/>\r\n                <\/a>\r\n      <\/div>\r\n<\/section>\r\n    [\/vc_column][vc_column width=&#8220;1\/3&#8243;]\r\n\r\n\r\n\r\n<section class=\"wd-section-blog text-center style2\">\r\n  <div class=\"wd-blog-post  \" >\r\n      <h4 class=\"wd-title-element\">Vorbereitung<\/h4>\r\n      <p>\r\n          Aufstellung der Lager      <\/p>\r\n              <a href=\"https:\/\/terrassenbau-halle.de\/wp-content\/uploads\/2020\/07\/15_Terrasse_Gro\u00dfformat_Galerie_image010.jpg\" target=_blank>\r\n                                                 <img src=\"https:\/\/terrassenbau-halle.de\/wp-content\/uploads\/2020\/07\/15_Terrasse_Gro\u00dfformat_Vorschau_image010.jpg\" alt=\"icon\"\/>\r\n                <\/a>\r\n      <\/div>\r\n<\/section>\r\n    [\/vc_column][vc_column width=&#8220;1\/3&#8243;]\r\n\r\n\r\n\r\n<section class=\"wd-section-blog text-center style2\">\r\n  <div class=\"wd-blog-post  \" >\r\n      <h4 class=\"wd-title-element\">Aufbau Unterkonstruktion<\/h4>\r\n      <p>\r\n          Einstellung der fertigen H\u00f6he      <\/p>\r\n              <a href=\"https:\/\/terrassenbau-halle.de\/wp-content\/uploads\/2020\/07\/15_Terrasse_Gro\u00dfformat_Galerie_image011.jpg\" target=_blank>\r\n                                                 <img src=\"https:\/\/terrassenbau-halle.de\/wp-content\/uploads\/2020\/07\/15_Terrasse_Gro\u00dfformat_Vorschau_image011.jpg\" alt=\"icon\"\/>\r\n                <\/a>\r\n      <\/div>\r\n<\/section>\r\n    [\/vc_column][\/vc_row][vc_row][vc_column width=&#8220;1\/3&#8243;]\r\n\r\n\r\n\r\n<section class=\"wd-section-blog text-center style2\">\r\n  <div class=\"wd-blog-post  \" >\r\n      <h4 class=\"wd-title-element\">Plattenverlegung<\/h4>\r\n      <p>\r\n          Mit 4 mm Abstandhaltern      <\/p>\r\n              <a href=\"https:\/\/terrassenbau-halle.de\/wp-content\/uploads\/2020\/07\/15_Terrasse_Gro\u00dfformat_Galerie_image012.jpg\" target=_blank>\r\n                                                 <img src=\"https:\/\/terrassenbau-halle.de\/wp-content\/uploads\/2020\/07\/15_Terrasse_Gro\u00dfformat_Vorschau_image012.jpg\" alt=\"icon\"\/>\r\n                <\/a>\r\n      <\/div>\r\n<\/section>\r\n    [\/vc_column][vc_column width=&#8220;1\/3&#8243;]\r\n\r\n\r\n\r\n<section class=\"wd-section-blog text-center style2\">\r\n  <div class=\"wd-blog-post  \" >\r\n      <h4 class=\"wd-title-element\">Passplatten am Rand<\/h4>\r\n      <p>\r\n          Zugeschnitten und eingebaut      <\/p>\r\n              <a href=\"https:\/\/terrassenbau-halle.de\/wp-content\/uploads\/2020\/07\/15_Terrasse_Gro\u00dfformat_Galerie_image013.jpg\" target=_blank>\r\n                                                 <img src=\"https:\/\/terrassenbau-halle.de\/wp-content\/uploads\/2020\/07\/15_Terrasse_Gro\u00dfformat_Vorschau_image013.jpg\" alt=\"icon\"\/>\r\n                <\/a>\r\n      <\/div>\r\n<\/section>\r\n    [\/vc_column][vc_column width=&#8220;1\/3&#8243;]\r\n\r\n\r\n\r\n<section class=\"wd-section-blog text-center style2\">\r\n  <div class=\"wd-blog-post  \" >\r\n      <h4 class=\"wd-title-element\">\u00dcbergang der beiden Fl\u00e4chen<\/h4>\r\n      <p>\r\n          Mit durchgehender Fuge      <\/p>\r\n              <a href=\"https:\/\/terrassenbau-halle.de\/wp-content\/uploads\/2020\/07\/15_Terrasse_Gro\u00dfformat_Galerie_image007.jpg\" target=_blank>\r\n                                                 <img src=\"https:\/\/terrassenbau-halle.de\/wp-content\/uploads\/2020\/07\/15_Terrasse_Gro\u00dfformat_Vorschau_image007.jpg\" alt=\"icon\"\/>\r\n                <\/a>\r\n      <\/div>\r\n<\/section>\r\n    [\/vc_column][\/vc_row]<\/p>\n<\/section>","protected":false},"excerpt":{"rendered":"<p>[vc_row][vc_column][vc_column_text] Terrassenplatten im Gro\u00dfformat 90 x 90 cm Die Erweiterung und Sanierung einer vorhandenen Terrasse wurde mit gro\u00dfformatigen keramischen Terrassenplatten realisiert. F\u00fcr die Erweiterungsfl\u00e4che wurde eine Randeinfassung von Grund auf neu erstellt. F\u00fcr die Verlegung der Platten wurde ein h\u00f6henverstellbares Aluminiumtr\u00e4gersystem gew\u00e4hlt, um eine bestm\u00f6gliche Ebenfl\u00e4chigkeit des Oberbelages zu erzielen. [\/vc_column_text][\/vc_column][\/vc_row][vc_row][vc_column equalizer_column=&#8220;yes&#8220;][\/vc_column][\/vc_row][vc_row][vc_column width=&#8220;1\/3&#8243;][\/vc_column][vc_column width=&#8220;1\/3&#8243;][\/vc_column][vc_column width=&#8220;1\/3&#8243;][\/vc_column][\/vc_row][vc_row][vc_column [&hellip;]<\/p>\n","protected":false},"author":1,"featured_media":0,"parent":0,"menu_order":0,"comment_status":"closed","ping_status":"open","template":"","meta":[],"_links":{"self":[{"href":"https:\/\/terrassenbau-halle.de\/index.php?rest_route=\/wp\/v2\/pages\/2398"}],"collection":[{"href":"https:\/\/terrassenbau-halle.de\/index.php?rest_route=\/wp\/v2\/pages"}],"about":[{"href":"https:\/\/terrassenbau-halle.de\/index.php?rest_route=\/wp\/v2\/types\/page"}],"author":[{"embeddable":true,"href":"https:\/\/terrassenbau-halle.de\/index.php?rest_route=\/wp\/v2\/users\/1"}],"replies":[{"embeddable":true,"href":"https:\/\/terrassenbau-halle.de\/index.php?rest_route=%2Fwp%2Fv2%2Fcomments&post=2398"}],"version-history":[{"count":7,"href":"https:\/\/terrassenbau-halle.de\/index.php?rest_route=\/wp\/v2\/pages\/2398\/revisions"}],"predecessor-version":[{"id":2847,"href":"https:\/\/terrassenbau-halle.de\/index.php?rest_route=\/wp\/v2\/pages\/2398\/revisions\/2847"}],"wp:attachment":[{"href":"https:\/\/terrassenbau-halle.de\/index.php?rest_route=%2Fwp%2Fv2%2Fmedia&parent=2398"}],"curies":[{"name":"wp","href":"https:\/\/api.w.org\/{rel}","templated":true}]}}